{"id":2706,"date":"2019-02-20T20:21:56","date_gmt":"2019-02-20T19:21:56","guid":{"rendered":"http:\/\/keilfoto.de\/?page_id=2706"},"modified":"2019-03-15T20:15:30","modified_gmt":"2019-03-15T19:15:30","slug":"business","status":"publish","type":"page","link":"http:\/\/keilfoto.de\/index.php\/business\/","title":{"rendered":"Business"},"content":{"rendered":"<div  class=\"one withsmallpadding ppb_header \" style=\"text-align:center;padding:30px 0 30px 0;\" >\n<div class=\"standard_wrapper\">\n<div class=\"page_content_wrapper\">\n<div class=\"inner\">\n<div style=\"margin:auto;width:100%\">\n<h2 class=\"ppb_title\" style=\"\">Business Fotografie<\/h2>\n<div class=\"ppb_subtitle\" style=\"\">Diese Seite befindet sich aktuell im Aufbau<\/div>\n<div class=\"page_header_sep center\"><\/div>\n<\/div>\n<\/div>\n<\/div>\n<\/div>\n<\/div>\n<div  class=\"one\" style=\"padding:30px 0 30px 0;\" >\n<div class=\"standard_wrapper\">\n<div class=\"page_content_wrapper\">\n<div class=\"inner\">\n<div class=\"one_half\">\n<div class=\"image_classic_frame expand animate\">\n<div class=\"image_wrapper\"><a href=\"http:\/\/keilfoto.de\/wp-content\/uploads\/2016\/02\/DSCF0003-Bearbeitet.jpg\" class=\"img_frame\"><img decoding=\"async\" src=\"http:\/\/keilfoto.de\/wp-content\/uploads\/2016\/02\/DSCF0003-Bearbeitet.jpg\" alt=\"\" class=\"portfolio_img\"\/><\/a><\/div>\n<\/div>\n<\/div>\n<div class=\"one_half last content_middle animate\">Dieses T\u00e4tigkeitsfeld befindet sich aktuell noch im Aufbau.<\/p>\n<p>Bitte kontaktieren Sie mich bei Anfragen bez\u00fcglich<br \/>\n&#8211; Mitarbeiterfotos<br \/>\n&#8211; Portraits f\u00fcr Publikationen oder Presse<br \/>\n&#8211; Bilder von Maschinen, Anlagen oder Geb\u00e4uden<br \/>\no.\u00c4. ben\u00f6tigen.<\/p>\n<p>Gemeinsam erstelle ich gerne ein auf Ihre Bed\u00fcrfnisse ausgerichtetes Angebot.\n<\/div>\n<p><br class=\"clear\"\/><\/div>\n<\/div>\n<\/div>\n<\/div>\n","protected":false},"excerpt":{"rendered":"<p>Business Fotografie Diese Seite befindet sich aktuell im Aufbau Dieses T\u00e4tigkeitsfeld befindet sich aktuell noch im Aufbau. Bitte kontaktieren Sie mich bei Anfragen bez\u00fcglich &#8211; Mitarbeiterfotos &#8211; Portraits f\u00fcr Publikationen oder Presse &#8211; Bilder von Maschinen, Anlagen oder Geb\u00e4uden o.\u00c4. ben\u00f6tigen. Gemeinsam erstelle ich gerne ein auf Ihre Bed\u00fcrfnisse ausgerichtetes Angebot.<\/p>\n","protected":false},"author":1,"featured_media":0,"parent":0,"menu_order":0,"comment_status":"closed","ping_status":"closed","template":"","meta":{"footnotes":""},"class_list":["post-2706","page","type-page","status-publish","hentry"],"_links":{"self":[{"href":"http:\/\/keilfoto.de\/index.php\/wp-json\/wp\/v2\/pages\/2706","targetHints":{"allow":["GET"]}}],"collection":[{"href":"http:\/\/keilfoto.de\/index.php\/wp-json\/wp\/v2\/pages"}],"about":[{"href":"http:\/\/keilfoto.de\/index.php\/wp-json\/wp\/v2\/types\/page"}],"author":[{"embeddable":true,"href":"http:\/\/keilfoto.de\/index.php\/wp-json\/wp\/v2\/users\/1"}],"replies":[{"embeddable":true,"href":"http:\/\/keilfoto.de\/index.php\/wp-json\/wp\/v2\/comments?post=2706"}],"version-history":[{"count":10,"href":"http:\/\/keilfoto.de\/index.php\/wp-json\/wp\/v2\/pages\/2706\/revisions"}],"predecessor-version":[{"id":3121,"href":"http:\/\/keilfoto.de\/index.php\/wp-json\/wp\/v2\/pages\/2706\/revisions\/3121"}],"wp:attachment":[{"href":"http:\/\/keilfoto.de\/index.php\/wp-json\/wp\/v2\/media?parent=2706"}],"curies":[{"name":"wp","href":"https:\/\/api.w.org\/{rel}","templated":true}]}}